((-2)/(-48))/((-6)/12)). Let j = -2489 - i. Let s = j - 1034. Is s a composite number?
False
Suppose -5*c + 1573830 = 5*z, 0 = 5*c - 57*z + 59*z - 1573845. Is c composite?
False
Let j = -156 - -159. Suppose 0 = 2*l + j*f - 4573, 8*l - 5*l = 5*f + 6888. Is l a prime number?
False
Suppose 3*c - 28 = -c, -p + 3*c + 101533 = 0. Is p a composite number?
True
Let p(u) be the third derivative of -u**6/120 + u**5/12 + 11*u**4/12 + 11*u**3/6 - 5*u**2 - 17. Is p(-18) composite?
True
Is (6366/(-3))/((-11)/((-186758)/(-52))) composite?
True
Let x = -113 + 509. Suppose 0 = 3*t - 1580 - 817. Let a = x + t. Is a composite?
True
Is (29466 + 28)*6/4 a composite number?
True
Is (-4 - -6)*(-169102)/(-4) prime?
True
Suppose -49*s = -63*s - 350. Let l(d) = -3*d**2 + d + 6. Let y be l(5). Let m = s - y. Is m composite?
True
Suppose 4*x - 11*s = -7*s + 20, -4*s = 3*x - 1. Suppose -4*i + 4*d + 532 = 0, -3*i + x*d + 383 = 8*d. Is i a composite number?
False
Let p = 70081 - 41544. Is p a prime number?
True
Let s be -19845 - (-5 + (-2)/(-2)). Is (s/(-3))/(3*(-6)/(-54)) prime?
True
Let z(w) = -w**3 + 93*w**2 - 47*w + 161. Is z(64) prime?
False
Let n(s) = 493*s + 29. Let r be n(9). Suppose -r = -6*l - 5*l. Suppose -2*v + 3*q = 7*q - l, 4*q - 1039 = -5*v. Is v prime?
True
Let d(o) = -2*o**3 + o**2 - 9*o + 33. Let f be d(8). Let c = f + 2542. Is c prime?
True
Let z(d) = 4556*d**2 + 107. Is z(-8) prime?
True
Let k(x) = x**2 + 17*x + 109. Let a be k(-14). Suppose -a*v + 69*v - 74114 = 0. Is v prime?
True
Is 2567 + (26/104 - (-2)/(-8)) composite?
True
Let t(r) = -56845*r - 817. Is t(-4) a composite number?
True
Let s be -1 - ((-34)/(-2))/(-1). Let c = s - 14. Is (-291)/c*(-4)/6 composite?
False
Suppose -5*i + 444 + 471 = 3*g, -g = -i - 305. Suppose 10*l - g = 2205. Is l composite?
False
Let i(j) = -5*j**3 + 5*j**2 + 24*j + 1. Let o = -77 - -72. Is i(o) composite?
False
Suppose -33*y + 4925804 = -3183517. Is y a prime number?
False
Let h(j) = 11*j - 19. Let g be h(12). Let o = 210 - g. Let f = 81 + o. Is f a composite number?
True
Let l(y) = -3*y**2 + 15*y + 57. Let x(n) = n**2 - n - 1. Let u(r) = -l(r) + 2*x(r). Is u(-8) a prime number?
True
Suppose 5*o - 19761 = -2*z, 2*z - 7*z = -3*o + 11838. Suppose 3*u - 3*l = o, u = 5*l - 0*l + 1333. Suppose u = 4*d - 363. Is d prime?
True
Let k = -272 + 997. Let p be (-1 + -2)/(15/(-40)). Suppose 3*h + k = p*h. Is h a prime number?
False
Let f = 3307 - 1970. Suppose 3*n - f = 2*y, -y - y = 2*n - 878. Is n prime?
True
Let k(u) = -24*u**2 - 34*u + 9. Let s be k(5). Let a = s - -2200. Is a prime?
True
Suppose 4*j = -2*t + 12, 5*t = 3*j - 1 - 8. Suppose v = 2*f + j*f + 846, 4*v + 3*f = 3407. Is v a composite number?
True
Suppose q = -5*c - 37 + 127, 4*q + 36 = 2*c. Is (c - 17)/((-1)/(-8023)) composite?
True
Is 4/8*773428 + 329/(-47) a prime number?
False
Suppose -68255 = -5*t + s, 0 = 4*t - 3*s - 63509 + 8894. Let u = -2923 + t. Is u a composite number?
True
Let d(f) = f**3 - 20*f**2 - 22. Let u(v) = -v**3 + 7*v**2 + 4*v - 7. Let r(g) = -g**3 + 5*g**2 - 3*g + 3. Let a be r(4). Let b be u(a). Is d(b) a prime number?
True
Is (-2)/2 - (-13173 + -21) prime?
False
Let u be (-7572)/(-5) - (90/350 - (-9)/63). Let z = -39 + 59. Is u/5 - (-4)/z - -4 a composite number?
False
Suppose -194*j = -186*j. Suppose j = 17*y - 9*y - 60920. Is y a prime number?
False
Let d(f) = -9*f - 16. Let g be d(-4). Let y = 48 - g. Let i = 289 + y. Is i composite?
False
Let t = -4 + 2. Let m be (-3)/t + (-9)/6. Suppose y + 188 - 709 = m. Is y prime?
True
Let l(d) be the third derivative of 5/6*d**3 - 1/4*d**4 - 3/20*d**5 + 0 + 21*d**2 + 0*d - 1/60*d**6. Is l(-6) prime?
True
Let p be 28/(-6)*(3/21 + -1). Suppose -3*f + 5063 = -2*f + 2*o, -5*f + 25385 = -p*o. Suppose 0*b + 3*b - f = 0. Is b a composite number?
True
Is (-482511)/(-68) - 5/(-4) a prime number?
False
Is 765363/4 + 196/(-112) a prime number?
True
Let p = -15 - -8. Let y(r) = -6*r - 55. Let v(o) = -13*o - 110. Let g(q) = p*y(q) + 3*v(q). Is g(0) a composite number?
True
Suppose 3990329 = 7*t + 270802. Is t prime?
False
Let x = 31 - 27. Let s(w) = 53*w**3 - 2*w**2 - w + 7. Let p(k) = 54*k**3 - k**2 - k + 7. Let q(o) = -2*p(o) + 3*s(o). Is q(x) prime?
True
Let d be ((-5)/((-5)/21757))/(-1). Let x = 37231 + d. Suppose 4*q - x = -2*q. Is q a composite number?
False
Suppose u - 120482 = 3*a, -9*u + 5*u + 481883 = -3*a. Is u prime?
False
Let i(h) = 18*h - 65. Let l be i(17). Suppose 10*z - 6709 - l = 0. Is z composite?
True
Suppose -51*m - 38311 = -58*m. Let c = -1530 + m. Is c composite?
False
Let s be -5 + 2 + -2 + 16 + -11. Let z = 1178 - 695. Suppose s = 5*q - z - 2. Is q a prime number?
True
Let m = 1179 - -40. Is m a composite number?
True
Let g be (3 + 249/(-15))*(-2570)/4. Let b = -4245 + g. Is b composite?
False
Suppose 11*f + 2967 = 39619. Suppose 0 = -2*i - 5*v + 4880, -5*v + f = 3*i - 3983. Is i a composite number?
True
Let o = 273246 - -11531. Is o a prime number?
True
Let m = -1436777 - -2532900. Is m a prime number?
False
Let r(t) = -2*t + 33. Let v(d) = d - 16. Let c(f) = 6*r(f) + 13*v(f). Let a be c(7). Let z(m) = -52*m**3 + 5*m**2 + 2*m - 4. Is z(a) composite?
False
Let q be (-3)/(-6) - (-2)/(-4). Suppose 4*s - 1 - 15 = q. Suppose -4*v + s*d = -3900, -3*d - 775 - 208 = -v. Is v composite?
False
Suppose -3*r + 55 = -0*u + 2*u, 0 = -5*r - 4*u + 89. Suppose -r - 11 = -8*w. Suppose w*s - 2*m - 656 = 0, 0 = -3*s - 2*m + 443 + 42. Is s a prime number?
True
Let b = -336 - -341. Suppose b*k = -10*k + 137205. Is k prime?
False
Let h(w) = -w**3 - 19*w**2 + 21*w + 18. Let i be h(-20). Let x be 2*(-2 - i - -2). Suppose 0 = -5*s + x*k + 25 + 349, -k = -4*s + 297. Is s a composite number?
True
Suppose b - 107 = -2*z, -3*b - 244 = -4*z + b. Let h = z + -52. Suppose -u = -h*u + 2361. Is u a composite number?
False
Is 42/(-12)*1515368/(-28) prime?
True
Let q = -25518 - -35807. Is q a prime number?
True
Is 66/(-165)*403885/(-2) a prime number?
True
Suppose 2*y + 13 = -35. Let o be (y/(-18))/((-2)/(-15)). Suppose 5*g + 955 = o*g. Is g a composite number?
False
Let s(k) = 5*k**2 - 3*k + 11. Let a(o) = -o**3 - 6*o**2 - 9*o - 16. Let d be a(-5). Suppose 5*t = d*t - 2*h + 2, -4*t = 5*h - 17. Is s(t) a prime number?
True
Suppose 39*o + 21*o + 755705 = 2945885. Is o a prime number?
False
Let f(n) = -2*n - 18. Let v be f(-9). Suppose 4*y - 2*o - 4599 = 11371, v = -3*y - 3*o + 11964. Is y prime?
False
Suppose -5*y - 25 = -40. Suppose 14 = 4*k + y*k. Suppose k*h - 42 = 148. Is h a composite number?
True
Let q = 32 - 34. Let o be (0/3)/(q + (2 - 2)). Is (-11508)/(-10) - ((-3)/15 + o) a composite number?
False
Suppose 25*t = 9*t + 70224. Let u = 1582 + t. Is u prime?
False
Let v(p) = -1. Let h(x) = 117*x**3 - 6*x**2 + 59*x + 11. Let n(w) = h(w) + 2*v(w). Is n(5) composite?
False
Suppose 17*h - 66 = 36. Suppose 0*g - 4*g + 8 = 0. Is (g + (-27)/h)*-394 prime?
False
Suppose -107086 = -2*w - 16*z, w - 41670 = -z + 11817. Is w prime?
True
Suppose -15*d = 2144583 - 11612752 - 287756. Is d a composite number?
True
Let g be 5116/6 - 1/(-3). Let h(x) = 234*x + 1392. Let u be h(-4). Let w = g - u. Is w a prime number?
True
Let l(j) = 0*j + 345*j**3 + j - 2399*j**3. Suppose -241*u - 25 = -246*u, -5*d = 3*u - 10. Is l(d) a prime number?
True
Let u(s) = 4894*s + 40. Let r be u(2). Let b = -3085 + r. Is b composite?
True
Let a(i) = -i - 5. Let f be a(-5). Let h be (-11)/2 + 4 - (-187)/34. Suppose h*m - l = 10315, f*m + m = -2*l + 2581. Is m prime?
True
Let r = -33 + -68. Let h = r - -642. Is h composite?
False
Let b be (-9 - -16)/(-1*(-3)/9). Suppose -52*m = -b*m - 16027. Is m a composite number?
True
Let j(g) = -g**3 - 12*g - 10*g**2 + 9*g**2 - 8 + 4*g**2 - 26*g + 19*g**2. Is j(13) a composite number?
False
Suppose 5*w - 4*q = 2562799 + 350994, -3*w + 1748280 = -q. Is w a prime number?
True
Let q = 466026 + -204829. Is q a prime number?
False
Let t(d) = -d**3 - 7*d**2 - 9*d + 9. Let x be t(-4). Let z be 3 + x/4*(-24)/9. Suppose -z*u = 2*p - 684 - 723, -2*p = 2*u - 1392. Is p a prime number?
True
Suppose n - 1 = 0, 0 = 4*r + r - 4*n - 27361. Suppose r = -2*p + 879. Let w = p + 6634. Is w a composite number?
False
Is (12/2 - 2 - 5)*-1*49409 a composite number?
False
Let w(v) = 8*v**3 - 9*v**2 + 6*v - 10. Suppose -j + 5*r = 54, -3*r - 90 = 